. Let m = v - -34. Suppose 8*j + 6 = m*j. What are the prime factors of j?
2, 3
Let m be (1 - 6) + 1 + 3. Suppose -j - 4 = -v, j + 23 - 4 = 4*v. What are the prime factors of (j/(-3))/(m/39)?
13
Let f be (0 + 212/8)*2*2. What are the prime factors of (15/20)/((-6)/(-4))*f?
53
Suppose 8*m - 225 = 3*m. Let k = 34 - -99. Suppose 4*v + m = k. List the prime factors of v.
2, 11
Let f(x) = 12*x**2 + x + 4. Let z be f(4). Suppose v = -3*v - z. Let r = 74 + v. What are the prime factors of r?
2, 3
Let p(g) = g**2 - 17*g + 34. Suppose 26 = n + 7. List the prime factors of p(n).
2, 3
Let t(u) = -7*u**3 - 3*u**2 + 2*u - 1. Let w be t(-3). Let a = -75 + w. What are the prime factors of a?
2, 5
Let h(t) = -36*t - 3. Let z be h(-10). Suppose 2*i - z = -5*i. What are the prime factors of i?
3, 17
Let r = -125 - -117. Let k(z) = z**3 + 9*z**2 + z. What are the prime factors of k(r)?
2, 7
Let f be (-50)/(-4)*(12 - 14). Let a = f - -123. Let s = a + -67. What are the prime factors of s?
31
Let f(r) = 22*r. Let u = 35 + -32. What are the prime factors of f(u)?
2, 3, 11
Let f be 1 - (-8 - 12/(-4)). Suppose f = -28*j + 29*j. Let b = j + 1. List the prime factors of b.
7
Let q(u) = u**3 + u**2 - 7*u - 1. Let l be q(-3). Suppose l*x + b - 116 - 38 = 0, -5*x = -5*b - 385. List the prime factors of x.
7, 11
What are the prime factors of (2/16 + (-11)/24)*-2841?
947
Suppose -t - 3*u - 7 = -0*u, -4*t + 4 = 4*u. Suppose 0*d + t*f = d, 0 = -5*d - 3*f. Suppose -2*v + 23 + 31 = d. List the prime factors of v.
3
Suppose 5*u = 2*u + 5*s + 17, 4*s = 3*u - 16. Suppose -4*m - 23 = -5*n, u = m - 5*n + 21. List the prime factors of m/(-6) + 124/6.
3, 7
Let a = 486 + -245. What are the prime factors of a?
241
Let j = 2068 + -1123. What are the prime factors of j?
3, 5, 7
Let v(k) = -3*k - 7. Let j be v(-2). List the prime factors of 56 + (j + -3)/4.
5, 11
Suppose 0 = 3*f + 12 + 6. Let w be (f - 0)/(3 - 2). What are the prime factors of 635/25 + w/(-10)?
2, 13
Let g(d) = 22*d**2 + d - 4. Let h be g(4). Suppose 3*p = -p + h. List the prime factors of p.
2, 11
Suppose 3*z = 2 + 7. Suppose 0 = z*q - 54 + 21. List the prime factors of q.
11
Suppose -2*x = 2*x - 144. Suppose a + 22 = 2*k - 2*a, -4*a - x = -4*k. Suppose i = 2 + k. What are the prime factors of i?
7
Suppose -12*o + 11*o + 214 = 0. List the prime factors of o.
2, 107
Let d(t) = -t**3 - 13*t**2 + 14*t + 15. Let f be d(-14). List the prime factors of -1 - 0 - f/((-45)/528).
5, 7
Suppose -5*x + 8795 = 4*g, 2*x = 3*g - 8812 + 2187. List the prime factors of g.
3, 5, 7
Let m(o) = 37*o**2 - 15*o - 5. List the prime factors of m(-6).
13, 109
Suppose -527 = -29*b + 517. List the prime factors of b.
2, 3
Suppose -12*l = -15*l. Suppose -9 = -3*s, -v + l = -5*s - 2. What are the prime factors of v?
17
Suppose 20*g = 5472 + 34848. What are the prime factors of g?
2, 3, 7
Let n(q) = q + 19. Let o be n(-11). Suppose 340 = -o*i + 12*i. List the prime factors of i.
5, 17
Suppose -3*l - 2*k = -4*l + 469, -934 = -2*l + 2*k. List the prime factors of l.
3, 5, 31
Let p(j) = -3*j**2 - 26*j + 10. Let k be p(-9). What are the prime factors of (k - (-31)/(-3))*9/(-6)?
2, 7
Suppose -5*i - 15 = 0, 5*j - i = -6*i + 10. Suppose -j*p + 11 = -4*p. List the prime factors of p.
11
Suppose -q = -3*u + q + 11, -5*u = 3*q + 7. What are the prime factors of u + 180*(6/4)/3?
7, 13
Suppose 3*s - 7*s + 2*f + 98 = 0, 3*f - 69 = -3*s. Suppose 6 = 5*j - s. Let q = j - -24. List the prime factors of q.
2, 3, 5
Suppose 163 = 3*h - 44. Suppose -7*i + 1 = -h. What are the prime factors of i?
2, 5
Let v = 86 - -213. Let s = v - 143. What are the prime factors of (s/65)/((-3)/(-40))?
2
Let z = 2 - -6. Let j(i) = -i**2 + 10*i - 6. Let b be j(z). Suppose -b*d + 88 = -6*d. List the prime factors of d.
2, 11
Let p = 56 - 53. Suppose x - 36 = -o, 0*o - 62 = -2*o + p*x. List the prime factors of o.
2, 17
Let z = 177 - -174. What are the prime factors of 3 + 18/(3 - z/120)?
3
Suppose 3*n - 6 = 0, 3*c + n + 8 = 5*c. Suppose -c*p - 3*o = 1, -2 = 2*p - 2*o + 4*o. Suppose -m + p = -12. List the prime factors of m.
13
Let i = -10 - -6. List the prime factors of 0 + 137 - (i - -3).
2, 3, 23
What are the prime factors of 215 + 12*3/9?
3, 73
Suppose -542*g - 3448 = -544*g. List the prime factors of g.
2, 431
Let z be (-72)/5 + 6/15. Let u = 33 + z. List the prime factors of u.
19
Let y = -2922 + 6467. What are the prime factors of y?
5, 709
Let j(g) = g**3 + 24*g**2 + 32*g - 18. What are the prime factors of j(-21)?
3, 211
Let h(k) = -k**3 + 3*k**2 + 17*k + 31. What are the prime factors of h(-5)?
2, 73
Suppose 0 = -2*l - 1 - 31. Let z = l + 11. What are the prime factors of (-101)/(-2) - z/(-10)?
2, 5
Let w(b) = -8*b + 29. Let k = 22 - 30. What are the prime factors of w(k)?
3, 31
Let p = 491 - 441. What are the prime factors of p?
2, 5
Suppose 674 = 5*n - 691. Let p = n - 28. List the prime factors of p.
5, 7
Suppose -9*b + 7*b - 4 = 0. What are the prime factors of 12/16*-82*b?
3, 41
Suppose 0*v + 2*v - 2*n = -4, 26 = 2*v + 4*n. Let q(x) = -6 + 4*x**3 - 6*x - 5*x**2 - v*x**3 + x**2. What are the prime factors of q(6)?
2, 3, 5
Let z(f) = -f**2 + 2*f + 4. Let j be z(4). What are the prime factors of 2 + (-4 - 128/j)?
2, 3, 5
Suppose -51*s + 48*s = -18. Suppose -2*l + 64 = -s. What are the prime factors of l?
5, 7
Let p = -1326 - -2618. What are the prime factors of p?
2, 17, 19
Let j = 6653 + -1604. What are the prime factors of j?
3, 11, 17
Suppose -3*k + 7 = 10. What are the prime factors of 95/(-10)*4*k?
2, 19
Let u = 75 - 21. Suppose 6*g = -g + 133. Let m = u - g. What are the prime factors of m?
5, 7
What are the prime factors of 4/4 + (-3408)/(-6)?
569
Suppose -3*m = 3*d, d - m - 4*m + 18 = 0. Let v be (2 + d + 42)/1. Suppose 2*p + 4*h - 2*h - 52 = 0, 2*h + v = p. List the prime factors of p.
31
Let r = 37 - 32. Suppose -r*p - 270 = -4*k, -2*p = -1 - 3. List the prime factors of k.
2, 5, 7
Suppose -4*j - 2 + 14 = 0. Suppose -6*l + 3*l - 9 = -t, 2*t - j*l - 12 = 0. Suppose 4*m = -s + 5, -t*s + 8*s + 4*m - 73 = 0. List the prime factors of s.
17
Let z = -8 - -16. Let g be 4/(z/18)*-3. List the prime factors of (-2)/4*(-3 + g).
3, 5
Suppose 6*y - 5*y = 4. Suppose -y*l = 5*m - 717, -3*l + 20 = -m - 513. Suppose -w + l = -i + 6*i, -w = 3*i - 106. List the prime factors of i.
2, 3
Suppose 0 = 2*s - 2*f - 78, -4*s - 5*f = -218 + 62. Suppose -k = l - 3, 5*k + 2 = l - 7. Suppose l*u - u = s. List the prime factors of u.
13
Let f(j) = 6 + 0*j**3 - 176*j + 3*j**2 - j**3 + 182*j. List the prime factors of f(-4).
2, 47
Let n = -707 + 6282. What are the prime factors of n?
5, 223
Suppose -4*y - 3*f = -2175, -3*y - 3*f = -1607 - 22. What are the prime factors of y?
2, 3, 7, 13
Let z(i) = -2*i**3 - 4*i**2 + 7*i + 11. Let p be z(-8). Suppose -4*v = -x - p, -v + 3*x + 167 = -0*x. What are the prime factors of v?
2, 7, 13
Let k be (7/(-21))/(-1*(-1)/(-12)). Suppose k = -3*n + 88. List the prime factors of n.
2, 7
Suppose 2*r + o - 6 = 0, 2*r + 0*r = 2*o + 6. Let a(n) = 7*n**2 + 5*n + 4. What are the prime factors of a(r)?
2, 41
Let n = -13 + 16. Suppose o + 120 = n*k - 0*o, 2*k = 4*o + 70. What are the prime factors of k?
41
Let a = 2104 - 742. List the prime factors of a.
2, 3, 227
Suppose h = -2*g + 752, -4*g + 1502 = -h + 2*h. List the prime factors of g.
3, 5
Let u = -9 + 11. Let v be (u - -2) + (-4 - -3). Suppose -i - v*i = -212. What are the prime factors of i?
53
Suppose 1093 - 2901 = -2*i. What are the prime factors of i?
2, 113
Let i be ((-22)/(-8))/(9/(-36)). List the prime factors of (-310)/i - (-18)/(-99).
2, 7
Suppose -g - 51 = -2*g + y, 246 = 5*g - 2*y. Suppose 5*a - a = g. Suppose 4*c = a, 0*c - 108 = -4*m + 4*c. What are the prime factors of m?
2, 3, 5
Suppose -4*b = 4*l - l + 9, -4*b - 17 = -5*l. Let p be (-5 + 2)*l - -6. Suppose -54 = -p*z - 0*z. What are the prime factors of z?
2, 3
Let q(p) = -8*p - 1. Let f be q(-1). Suppose 4*b - m + 227 = f*b, b = -m + 75. List the prime factors of b.
2, 19
Let j(o) = -12 + 1 + 22*o**2 - 3 + 7*o + 2. What are the prime factors of j(3)?
3, 23
Suppose 597*m - 1192 = 593*m. List the prime factors of m.
2, 149
Suppose 0 = 3*o + 2*n - 9, -4*o = -5*o - n + 2. Suppose -i + 7 = o. Suppose -i*c + 43 = 2*c - 3*m, -4*c + 4*m + 40 = 0. List the pri